{"id":36663,"date":"2026-03-03T13:58:22","date_gmt":"2026-03-03T11:58:22","guid":{"rendered":"https:\/\/besthousemarbella.com\/property\/appartement-renove-avec-vue-sur-la-mer-et-la-montagne-a-nueva-andalucia\/"},"modified":"2026-03-25T20:20:48","modified_gmt":"2026-03-25T18:20:48","slug":"appartement-renove-avec-vue-sur-la-mer-et-la-montagne-a-nueva-andalucia","status":"publish","type":"property","link":"https:\/\/besthousemarbella.com\/fr\/property\/appartement-renove-avec-vue-sur-la-mer-et-la-montagne-a-nueva-andalucia\/","title":{"rendered":"Appartement r\u00e9nov\u00e9 avec vue sur la mer et la montagne \u00e0 Nueva Andaluc\u00eda"},"content":{"rendered":"\n<p>Cet \u00e9l\u00e9gant appartement de 2 chambres et 2 salles de bains est situ\u00e9 \u00e0 Les Belvederes, Nueva Andaluc\u00eda. R\u00e9cemment r\u00e9nov\u00e9, il offre un design ouvert, lumineux et spacieux, avec une atmosph\u00e8re calme et contemporaine. La cuisine est \u00e9quip\u00e9e d&#8217;appareils \u00e9lectrom\u00e9nagers Gaggenau, et le parquet \u00e0 chevrons ajoute de la chaleur et de la qualit\u00e9 \u00e0 la finition g\u00e9n\u00e9rale.  <\/p>\n\n<p>Sa position sur\u00e9lev\u00e9e offre une vue imprenable sur la mer et les montagnes, cr\u00e9ant ainsi une sensation d&#8217;intimit\u00e9 et d&#8217;espace. La terrasse est spacieuse et id\u00e9ale pour profiter du style de vie de Marbella tout au long de l&#8217;ann\u00e9e. <\/p>\n\n<p>La propri\u00e9t\u00e9 comprend un grand parking souterrain, un parking pour buggies et un d\u00e9barras. La communaut\u00e9 ferm\u00e9e dispose de jardins bien entretenus, d&#8217;une piscine et d&#8217;une salle de sport, ce qui en fait une option confortable et s\u00e9curis\u00e9e dans un quartier r\u00e9sidentiel de premier choix. <\/p>\n\n<p><\/p>\n","protected":false},"excerpt":{"rendered":"<p>Cet \u00e9l\u00e9gant appartement de 2 chambres et 2 salles de bains est situ\u00e9 \u00e0 Les Belvederes, Nueva Andaluc\u00eda. R\u00e9cemment r\u00e9nov\u00e9, il offre un design ouvert, lumineux et spacieux, avec une atmosph\u00e8re calme et contemporaine. La cuisine est \u00e9quip\u00e9e d&#8217;appareils \u00e9lectrom\u00e9nagers Gaggenau, et le parquet \u00e0 chevrons ajoute de la chaleur et de la qualit\u00e9 \u00e0 [&hellip;]<\/p>\n","protected":false},"author":3,"featured_media":37670,"parent":0,"menu_order":0,"template":"","property_type":[317],"property_status":[364],"property_feature":[],"property_label":[],"property_state":[525],"property_city":[535],"property_area":[706],"class_list":["post-36663","property","type-property","status-publish","has-post-thumbnail","hentry","property_type-appartement","property_status-a-vendre","property_state-marbella","property_city-nueva-andalucia","property_area-les-belvederes"],"property_meta":{"rank_math_internal_links_processed":["1"],"fave_show_price_placeholder":["0"],"fave_featured":["0"],"houzez_featured_listing_date":[""],"fave_loggedintoview":["0"],"fave_agent_display_option":["agent_info"],"fave_agents":["29251"],"fave_prop_homeslider":["no"],"fave_private_note":["ANDALUCIA DEVELOPMENT.  3%\r\nR5038777"],"fave_single_top_area":["global"],"additional_features":["a:11:{i:0;a:2:{s:29:\"fave_additional_feature_title\";s:9:\"Condition\";s:29:\"fave_additional_feature_value\";s:10:\"Excellent \";}i:1;a:2:{s:29:\"fave_additional_feature_title\";s:11:\"Orientation\";s:29:\"fave_additional_feature_value\";s:10:\"South west\";}i:2;a:2:{s:29:\"fave_additional_feature_title\";s:5:\"Views\";s:29:\"fave_additional_feature_value\";s:30:\"Sea, Mountain, Panoramic, Lake\";}i:3;a:2:{s:29:\"fave_additional_feature_title\";s:15:\"Climate control\";s:29:\"fave_additional_feature_value\";s:19:\"AC, U\/F\/H Bathrooms\";}i:4;a:2:{s:29:\"fave_additional_feature_title\";s:4:\"Pool\";s:29:\"fave_additional_feature_value\";s:8:\"Communal\";}i:5;a:2:{s:29:\"fave_additional_feature_title\";s:3:\"Gym\";s:29:\"fave_additional_feature_value\";s:3:\"Yes\";}i:6;a:2:{s:29:\"fave_additional_feature_title\";s:12:\"Utility room\";s:29:\"fave_additional_feature_value\";s:3:\"Yes\";}i:7;a:2:{s:29:\"fave_additional_feature_title\";s:5:\"Sauna\";s:29:\"fave_additional_feature_value\";s:3:\"Yes\";}i:8;a:2:{s:29:\"fave_additional_feature_title\";s:9:\"Furniture\";s:29:\"fave_additional_feature_value\";s:13:\"Not Furnished\";}i:9;a:2:{s:29:\"fave_additional_feature_title\";s:8:\"Security\";s:29:\"fave_additional_feature_value\";s:13:\"Gated Complex\";}i:10;a:2:{s:29:\"fave_additional_feature_title\";s:6:\"Garage\";s:29:\"fave_additional_feature_value\";s:3:\"Yes\";}}"],"fave_single_content_area":["global"],"houzez_geolocation_lat":["36.517697380515"],"houzez_geolocation_long":["-4.9789130257246"],"houzez_manual_expire":["0"],"_houzez_expiration_date_status":["saved"],"_wpml_location_migration_done":["1"],"_thumbnail_id":["37670"],"_wpml_word_count":["166"],"houzez_recently_viewed":["2026-05-01 16:08:44"],"houzez_total_property_views":["211"],"houzez_views_by_date":["a:60:{s:10:\"03-03-2026\";i:6;s:10:\"03-04-2026\";i:5;s:10:\"03-05-2026\";i:4;s:10:\"03-06-2026\";i:4;s:10:\"03-07-2026\";i:2;s:10:\"03-08-2026\";i:4;s:10:\"03-09-2026\";i:6;s:10:\"03-10-2026\";i:4;s:10:\"03-11-2026\";i:4;s:10:\"03-12-2026\";i:4;s:10:\"03-13-2026\";i:3;s:10:\"03-14-2026\";i:3;s:10:\"03-15-2026\";i:4;s:10:\"03-16-2026\";i:4;s:10:\"03-17-2026\";i:2;s:10:\"03-18-2026\";i:6;s:10:\"03-19-2026\";i:6;s:10:\"03-20-2026\";i:2;s:10:\"03-21-2026\";i:4;s:10:\"03-22-2026\";i:2;s:10:\"03-23-2026\";i:5;s:10:\"03-24-2026\";i:4;s:10:\"03-25-2026\";i:5;s:10:\"03-26-2026\";i:4;s:10:\"03-27-2026\";i:3;s:10:\"03-28-2026\";i:3;s:10:\"03-29-2026\";i:4;s:10:\"03-30-2026\";i:2;s:10:\"03-31-2026\";i:1;s:10:\"04-01-2026\";i:3;s:10:\"04-02-2026\";i:4;s:10:\"04-03-2026\";i:2;s:10:\"04-04-2026\";i:4;s:10:\"04-05-2026\";i:4;s:10:\"04-06-2026\";i:4;s:10:\"04-07-2026\";i:4;s:10:\"04-08-2026\";i:4;s:10:\"04-09-2026\";i:2;s:10:\"04-10-2026\";i:4;s:10:\"04-11-2026\";i:4;s:10:\"04-12-2026\";i:4;s:10:\"04-13-2026\";i:3;s:10:\"04-14-2026\";i:2;s:10:\"04-15-2026\";i:4;s:10:\"04-16-2026\";i:3;s:10:\"04-17-2026\";i:2;s:10:\"04-18-2026\";i:4;s:10:\"04-19-2026\";i:2;s:10:\"04-20-2026\";i:3;s:10:\"04-21-2026\";i:3;s:10:\"04-22-2026\";i:2;s:10:\"04-23-2026\";i:3;s:10:\"04-24-2026\";i:4;s:10:\"04-25-2026\";i:4;s:10:\"04-26-2026\";i:2;s:10:\"04-27-2026\";i:4;s:10:\"04-28-2026\";i:4;s:10:\"04-29-2026\";i:5;s:10:\"04-30-2026\";i:1;s:10:\"05-01-2026\";i:3;}"],"_top_nav_excluded":[""],"_cms_nav_minihome":[""],"fave_property_price":["875000"],"fave_property_price_prefix":[""],"fave_property_size":["100"],"fave_property_size_prefix":["m\u00b2"],"fave_property_land":["122"],"fave_property_land_postfix":["m\u00b2"],"fave_property_bedrooms":["2"],"fave_property_bathrooms":["2"],"fave_property_garage":["1"],"fave_property_year":["2023"],"fave_property_id":["38777"],"fave_property_map":["1"],"fave_property_map_address":["Les Belvederes, Nueva Andaluc\u00eda"],"fave_property_location":["36.517697380515,-4.9789130257246,16"],"fave_property_map_street_view":["hide"],"fave_property_address":["Les Belvederes"],"fave_property_zip":["29660"],"fave_property_images":["36406","36405","36407","36408","36409","36410","36411","36412","36413","36414","36415","36416","36417","36418","36419","36420","36421","36422","36423","36424","36425","36426","36427"],"_elementor_page_assets":["a:0:{}"]},"_links":{"self":[{"href":"https:\/\/besthousemarbella.com\/fr\/wp-json\/wp\/v2\/properties\/36663","targetHints":{"allow":["GET"]}}],"collection":[{"href":"https:\/\/besthousemarbella.com\/fr\/wp-json\/wp\/v2\/properties"}],"about":[{"href":"https:\/\/besthousemarbella.com\/fr\/wp-json\/wp\/v2\/types\/property"}],"author":[{"embeddable":true,"href":"https:\/\/besthousemarbella.com\/fr\/wp-json\/wp\/v2\/users\/3"}],"version-history":[{"count":0,"href":"https:\/\/besthousemarbella.com\/fr\/wp-json\/wp\/v2\/properties\/36663\/revisions"}],"wp:featuredmedia":[{"embeddable":true,"href":"https:\/\/besthousemarbella.com\/fr\/wp-json\/wp\/v2\/media\/37670"}],"wp:attachment":[{"href":"https:\/\/besthousemarbella.com\/fr\/wp-json\/wp\/v2\/media?parent=36663"}],"wp:term":[{"taxonomy":"property_type","embeddable":true,"href":"https:\/\/besthousemarbella.com\/fr\/wp-json\/wp\/v2\/property_type?post=36663"},{"taxonomy":"property_status","embeddable":true,"href":"https:\/\/besthousemarbella.com\/fr\/wp-json\/wp\/v2\/property_status?post=36663"},{"taxonomy":"property_feature","embeddable":true,"href":"https:\/\/besthousemarbella.com\/fr\/wp-json\/wp\/v2\/property_feature?post=36663"},{"taxonomy":"property_label","embeddable":true,"href":"https:\/\/besthousemarbella.com\/fr\/wp-json\/wp\/v2\/property_label?post=36663"},{"taxonomy":"property_state","embeddable":true,"href":"https:\/\/besthousemarbella.com\/fr\/wp-json\/wp\/v2\/property_state?post=36663"},{"taxonomy":"property_city","embeddable":true,"href":"https:\/\/besthousemarbella.com\/fr\/wp-json\/wp\/v2\/property_city?post=36663"},{"taxonomy":"property_area","embeddable":true,"href":"https:\/\/besthousemarbella.com\/fr\/wp-json\/wp\/v2\/property_area?post=36663"}],"curies":[{"name":"wp","href":"https:\/\/api.w.org\/{rel}","templated":true}]}}

Appartement rénové avec vue sur la mer et la montagne à Nueva Andalucía

<p>Cet élégant appartement de 2 chambres et 2 salles de bains est situé à Les Belvederes, Nueva Andalucía. Récemment rénové, il offre un design ouvert, lumineux et spacieux, avec une atmosphère calme et contemporaine. La cuisine est équipée d&#8217;appareils électroménagers Gaggenau, et le parquet à chevrons ajoute de la chaleur et de la qualité à la finition générale.  </p>

<p>Sa position surélevée offre une vue imprenable sur la mer et les montagnes, créant ainsi une sensation d&#8217;intimité et d&#8217;espace. La terrasse est spacieuse et idéale pour profiter du style de vie de Marbella tout au long de l&#8217;année. </p>

<p>La propriété comprend un grand parking souterrain, un parking pour buggies et un débarras. La communauté fermée dispose de jardins bien entretenus, d&#8217;une piscine et d&#8217;une salle de sport, ce qui en fait une option confortable et sécurisée dans un quartier résidentiel de premier choix. </p>

<p></p>

<p>Cet élégant appartement de 2 chambres et 2 salles de bains est situé à Les Belvederes, Nueva Andalucía. Récemment rénové, il offre un design ouvert, lumineux et spacieux, avec une atmosphère calme et contemporaine. La cuisine est équipée d&#8217;appareils électroménagers Gaggenau, et le parquet à chevrons ajoute de la chaleur et de la qualité à [&hellip;]</p>

Les Belvederes, Nueva Andalucía
